{"id":34,"date":"2019-02-15T21:49:02","date_gmt":"2019-02-15T21:49:02","guid":{"rendered":"https:\/\/patrick-nepper.de\/?page_id=34"},"modified":"2019-02-25T21:30:37","modified_gmt":"2019-02-25T21:30:37","slug":"der-auwald-braucht-keinen-asphalt","status":"publish","type":"page","link":"https:\/\/patrick-nepper.de\/?page_id=34","title":{"rendered":"Der Auwald braucht keinen Asphalt"},"content":{"rendered":"\n<p><em>15. Februar 2019 &#8211; gepostet auf <\/em><a href=\"https:\/\/www.facebook.com\/notes\/patrick-nepper\/der-auwald-braucht-keinen-asphalt\/10157142522348653\/\"><em>Facebook<\/em><\/a><em>. In gek\u00fcrzter Fassung am 20. Februar als Leserbrief im Traunsteiner Tagblatt erschienen. Der Stadtrat entschied in der Folge am 21. Februar 2019 gegen die Asphaltierung :).<\/em><\/p>\n\n\n\n<div class=\"wp-block-image\"><figure class=\"alignleft is-resized\"><img decoding=\"async\" loading=\"lazy\" src=\"https:\/\/patrick-nepper.de\/wp-content\/uploads\/2019\/02\/IMG_20180815_194936-290x600.jpg\" alt=\"\" class=\"wp-image-35\" width=\"90\" height=\"186\" srcset=\"https:\/\/patrick-nepper.de\/wp-content\/uploads\/2019\/02\/IMG_20180815_194936-290x600.jpg 290w, https:\/\/patrick-nepper.de\/wp-content\/uploads\/2019\/02\/IMG_20180815_194936-768x1591.jpg 768w, https:\/\/patrick-nepper.de\/wp-content\/uploads\/2019\/02\/IMG_20180815_194936-579x1200.jpg 579w, https:\/\/patrick-nepper.de\/wp-content\/uploads\/2019\/02\/IMG_20180815_194936-72x150.jpg 72w, https:\/\/patrick-nepper.de\/wp-content\/uploads\/2019\/02\/IMG_20180815_194936.jpg 1251w\" sizes=\"(max-width: 90px) 100vw, 90px\" \/><figcaption>Abendlicher Lauf auf dem Weg im Auwald<\/figcaption><\/figure><\/div>\n\n\n\n<p>Bei der Traunsteiner B\u00fcrgerversammlung im Schnitzlbaumer <a rel=\"noreferrer noopener\" href=\"https:\/\/www.chiemgau24.de\/chiemgau\/traunstein\/traunstein-ort29586\/traunstein-angespannte-stimmung-wortgefechte-buergerversammlung-11770511.html?fbclid=IwAR1gJYLT4jD_kJRzLem9eKyJxQkT2HWimyyX92LsIcHLXIQkTg6GrsmjBpE\" target=\"_blank\">meldete ich mich gestern gegen die Pl\u00e4ne zum Asphaltieren des Weges im Auwald zu Wort<\/a>.<\/p>\n\n\n\n<p>Das Staatliche Bauamt plant den Auwaldweg zwischen Triftweg (N\u00e4he Schwimmbadbr\u00fccke) und dem Gemeindegebiet Siegsdorf (beim Wehr) auf ganzer L\u00e4nge zu asphaltieren um <a rel=\"noreferrer noopener\" href=\"https:\/\/www.chiemgau24.de\/chiemgau\/traunstein\/traunstein-ort29586\/wird-fuss-radweg-zwischen-traunstein-siegsdorf-asphaltiert-11761248.html?fbclid=IwAR1F37NL0YODAjoftbVmdiq3I3SEi_D8fvwTLeiRlJHZYSPVS4hE9wyYd6Y\" target=\"_blank\">\u201cRadler von der B306 herunterzubekommen\u201d<\/a>. Au\u00dferdem w\u00e4re es \u201c<a rel=\"noreferrer noopener\" href=\"https:\/\/www.traunsteiner-tagblatt.de\/startseite_artikel,-radweg-zwischen-siegsdorf-und-traunstein-asphaltieren-_arid,470572.html?fbclid=IwAR2Z9ZcrNKq41sn6qjpc78nD2sz7w3ulq6dlx_QCn3S1sNZDIZouPRYy7zM\" target=\"_blank\">eine gute M\u00f6glichkeit, den Autoverkehr zu reduzieren.<\/a>\u201d Die Idee wird kommende Woche dem Stadtrat vorgelegt um \u00fcber eine weitergehen Pr\u00fcfung zu entscheiden.<\/p>\n\n\n\n<p>Der Weg um den es geht ist ein gemischt genutzter Fu\u00df- und Radweg, der von Joggern, Spazierg\u00e4ngern mit und ohne Hund, Familien mit Kinderw\u00e4gen oder Laufr\u00e4dern, und Radlern genutzt wird. Er wurde erst vor wenigen Jahren mit einer dichten Kiesschicht hergerichtet.<\/p>\n\n\n\n<h2>Welches Problem wird hier eigentlich gel\u00f6st?<\/h2>\n\n\n\n<p>Nat\u00fcrlich bin ich als Gr\u00fcner f\u00fcr gut ausgebaute Radlwege. Fakt ist, der Weg <em>ist <\/em>bereits gut befahrbar. Die beiden Annahmen der Stadt sind f\u00fcr mich nicht nachvollziehbar:<\/p>\n\n\n\n<ol><li>Auf der B306 (\u201cBlaue Wand Stra\u00dfe\u201d) fahren so gut wie keine Radlfahrer. Wenn es welche gibt, dann sind es Rennradfahrergruppen. Die werden auch in Zukunft nicht auf einem gemischt genutzten Weg mit Kurven und kleinen Br\u00fccken fahren. Au\u00dfer wir begradigen auch noch die Strecke durch den Auwald und teeren die Br\u00fccken&#8230;<\/li><li>Der Autoverkehr wird sich durch das Asphaltieren um 0 (in Worten \u201cnull\u201d) Autos verringern. Welcher Autofahrer w\u00fcrde in Zukunft die Strecke Siegsdorf &#8211; Traunstein pl\u00f6tzlich mit dem Fahrrad fahren, weil er statt dichtem Kies, Asphalt unter den Reifen hat? Auf so einem kurzen Abschnitt? Worum geht es hier? Weniger Dreck? Daf\u00fcr haben Fahrr\u00e4der sog. Schutzbleche. Schnelleres Fahren? Dieser Weg wird kein Radschnellweg werden &#8211; au\u00dfer man beendet die gemischte Nutzung, sagt den Joggern und Gassigehern sie sollen woanders hingehen und begradigt die Strecke.<\/li><\/ol>\n\n\n\n<h2>Wir verspielen ein St\u00fcck Lebensqualit\u00e4t<\/h2>\n\n\n\n<p>Die naturnahe Atmosph\u00e4re im Auwald nutzen viele Spazierg\u00e4nger und Familien. Wir k\u00f6nnen stolz darauf sein, dass um Traunstein herum nicht jeder Waldweg geteert ist. Der Traunsteiner Halbmarathon ist mittlerweile eine Institution &#8211; und hat sich nicht umsonst eine gro\u00dfteils asphaltfreie Strecke ausgesucht. Die Strecke ist wundersch\u00f6n und ein Gro\u00dfteil der L\u00e4ufer in Traunstein freut sich \u00fcber Kies unter den F\u00fc\u00dfen.  Nicht nur beim j\u00e4hrlichen Lauf &#8211; sondern bei der abendlichen Runde um Traunstein und Siegsdorf herum. Das ist ein St\u00fcck Lebensqualit\u00e4t. Laufen auf Asphalt ist unangenehm und wird von vielen L\u00e4ufern aktiv vermieden.<\/p>\n\n\n\n<h2>Das eigentliche Problem: Die Stadt hat keinen Plan f\u00fcr Fahrradmobilit\u00e4t<\/h2>\n\n\n\n<p>Der Oberb\u00fcrgermeister schm\u00fcckt sich gerne damit, dass man ihm <a rel=\"noreferrer noopener\" href=\"https:\/\/l.facebook.com\/l.php?u=https%3A%2F%2Fwww.chiemgau24.de%2Fchiemgau%2Ftraunstein%2Ftraunstein-ort29586%2Ftraunstein-angespannte-stimmung-wortgefechte-buergerversammlung-11770511.html%3Ffbclid%3DIwAR1q7Gk6sp_wVQxTkk6ptPI9XXeLLIk4oHa7dYGtRcg4WUFnsvkuSPxZtYM&amp;h=AT0qiPG0dDT-nqanQM2K9l4QhiUoA9oYy7zoyxPgm_qXaLS13xhdzpN7z8CODSGdGHZb2CJgfw8Dh-ciHHq4mGre2t-YkE5fXbaYdPbODfNwzmOR3xkPAQMVI89tEltqklJ1O0uqwE5bevyM\" target=\"_blank\">\u201cnicht vorwerfen [kann], dass [er] zu wenig f\u00fcr die Radfahrer mach[t]\u201d<\/a>. Da kommt ihm diese Asphaltierung gerade recht. Er tut ja was f\u00fcr die Radfahrer. Und jetzt kommt ein Gr\u00fcner und hat was dagegen.<\/p>\n\n\n\n<p>Der Weg im Auwald ist nicht das Problem. Wer sich gelegentlich mit einem Radlanh\u00e4nger oder der sechsj\u00e4hrigen Tochter auf dem Radl in den Traunsteiner Verkehr st\u00fcrzt, der wei\u00df wie viele kritische Stellen es in der Stadt gibt. Als Radler kommt man aus s\u00fcdlicher Richtung garnicht legal zum Bahnhof. An der Wegscheid wechselt man lieber auf den Gehweg. Auf der Wasserburger Stra\u00dfe stadteinw\u00e4rts tritt man m\u00e4chtig in die Pedale wenn man unter der Bahnunterf\u00fchrung durchkommt um nicht vom n\u00e4chsten LKW eingeholt zu werden bevor man sich links einordnet. Aus Neu-Gei\u00dfing kommend darf man ein Auf-und-Ab B\u00fcrgersteig hoch und runter, und Stop and Go an Seitenstra\u00dfen vollf\u00fchren. Es ist ein Jammer.<\/p>\n\n\n\n<p>Aber die Stadt investiert ja. 1% des Stra\u00dfenbaubudgets. Das sind 20.000 Euro. F\u00fcr 300m Radlweg an der Salinenstra\u00dfe.<\/p>\n\n\n\n<p>Da kann man sich wirklich nicht vorwerfen lassen zu wenig f\u00fcr die Radfahrer zu tun. <\/p>\n","protected":false},"excerpt":{"rendered":"<p>15. Februar 2019 &#8211; gepostet auf Facebook. In gek\u00fcrzter Fassung am 20. Februar als Leserbrief im Traunsteiner Tagblatt erschienen. Der Stadtrat entschied in der Folge am 21. Februar 2019 gegen&#8230; <\/p>\n","protected":false},"author":1,"featured_media":0,"parent":0,"menu_order":0,"comment_status":"closed","ping_status":"closed","template":"","meta":[],"_links":{"self":[{"href":"https:\/\/patrick-nepper.de\/index.php?rest_route=\/wp\/v2\/pages\/34"}],"collection":[{"href":"https:\/\/patrick-nepper.de\/index.php?rest_route=\/wp\/v2\/pages"}],"about":[{"href":"https:\/\/patrick-nepper.de\/index.php?rest_route=\/wp\/v2\/types\/page"}],"author":[{"embeddable":true,"href":"https:\/\/patrick-nepper.de\/index.php?rest_route=\/wp\/v2\/users\/1"}],"replies":[{"embeddable":true,"href":"https:\/\/patrick-nepper.de\/index.php?rest_route=%2Fwp%2Fv2%2Fcomments&post=34"}],"version-history":[{"count":6,"href":"https:\/\/patrick-nepper.de\/index.php?rest_route=\/wp\/v2\/pages\/34\/revisions"}],"predecessor-version":[{"id":49,"href":"https:\/\/patrick-nepper.de\/index.php?rest_route=\/wp\/v2\/pages\/34\/revisions\/49"}],"wp:attachment":[{"href":"https:\/\/patrick-nepper.de\/index.php?rest_route=%2Fwp%2Fv2%2Fmedia&parent=34"}],"curies":[{"name":"wp","href":"https:\/\/api.w.org\/{rel}","templated":true}]}}