{"id":260,"date":"2020-05-09T21:03:59","date_gmt":"2020-05-09T21:03:59","guid":{"rendered":"https:\/\/patrick-nepper.de\/?page_id=260"},"modified":"2020-06-19T21:34:37","modified_gmt":"2020-06-19T21:34:37","slug":"aus-dem-stadtrat","status":"publish","type":"page","link":"https:\/\/patrick-nepper.de\/?page_id=260","title":{"rendered":"Aus dem Stadtrat"},"content":{"rendered":"\n<p>Als Stadtrat bin ich seit 2020 Teil der folgenden <a href=\"https:\/\/patrick-nepper.de\/?cat=21\">Gremien<\/a>:<\/p>\n\n\n\n<ul><li><a href=\"https:\/\/patrick-nepper.de\/?cat=19\">Ausschuss f\u00fcr Mobilit\u00e4t, Umwelt und Nachhaltigkeit<\/a><\/li><li><a href=\"https:\/\/patrick-nepper.de\/?cat=17\">Ausschuss f\u00fcr Finanzen und Beteiligungen<\/a><\/li><li><a href=\"https:\/\/patrick-nepper.de\/?cat=22\">Ferienausschuss<\/a> (ersetzt alle Gremien in Ferien und Krisenzeiten)<\/li><\/ul>\n\n\n\n<p>Der Stadtrat betraut mich dar\u00fcber hinaus seit 2020 mit dem<\/p>\n\n\n\n<ul><li><a href=\"https:\/\/patrick-nepper.de\/?cat=20\">Referat<\/a> f\u00fcr <a href=\"https:\/\/patrick-nepper.de\/?cat=16\">Umwelt<\/a>, <a href=\"https:\/\/patrick-nepper.de\/?cat=14\">Regionalit\u00e4t<\/a> und <a href=\"https:\/\/patrick-nepper.de\/?cat=15\">Nachhaltigkeit<\/a><\/li><\/ul>\n\n\n\n<p>Hier geht es zur \u00dcbersicht meiner <a href=\"https:\/\/patrick-nepper.de\/?page_id=277\">Anfragen<\/a> und aller <a href=\"https:\/\/patrick-nepper.de\/?cat=23\">Stadtratsantr\u00e4ge<\/a>, an denen ich mitgewirkt habe.<\/p>\n","protected":false},"excerpt":{"rendered":"<p>Als Stadtrat bin ich seit 2020 Teil der folgenden Gremien: Ausschuss f\u00fcr Mobilit\u00e4t, Umwelt und Nachhaltigkeit Ausschuss f\u00fcr Finanzen und Beteiligungen Ferienausschuss (ersetzt alle Gremien in Ferien und Krisenzeiten) Der&#8230; <\/p>\n","protected":false},"author":1,"featured_media":0,"parent":0,"menu_order":0,"comment_status":"closed","ping_status":"closed","template":"","meta":[],"_links":{"self":[{"href":"https:\/\/patrick-nepper.de\/index.php?rest_route=\/wp\/v2\/pages\/260"}],"collection":[{"href":"https:\/\/patrick-nepper.de\/index.php?rest_route=\/wp\/v2\/pages"}],"about":[{"href":"https:\/\/patrick-nepper.de\/index.php?rest_route=\/wp\/v2\/types\/page"}],"author":[{"embeddable":true,"href":"https:\/\/patrick-nepper.de\/index.php?rest_route=\/wp\/v2\/users\/1"}],"replies":[{"embeddable":true,"href":"https:\/\/patrick-nepper.de\/index.php?rest_route=%2Fwp%2Fv2%2Fcomments&post=260"}],"version-history":[{"count":3,"href":"https:\/\/patrick-nepper.de\/index.php?rest_route=\/wp\/v2\/pages\/260\/revisions"}],"predecessor-version":[{"id":284,"href":"https:\/\/patrick-nepper.de\/index.php?rest_route=\/wp\/v2\/pages\/260\/revisions\/284"}],"wp:attachment":[{"href":"https:\/\/patrick-nepper.de\/index.php?rest_route=%2Fwp%2Fv2%2Fmedia&parent=260"}],"curies":[{"name":"wp","href":"https:\/\/api.w.org\/{rel}","templated":true}]}}